 (base 15) to base 13.
55
Convert 131 (base 11) to base 3.
12202
What is -6 (base 10) in base 5?
-11
What is 102 (base 4) in base 13?
15
4 (base 9) to base 3
11
-4 (base 10) to base 5
-4
What is 1b (base 12) in base 2?
10111
What is -5f (base 16) in base 4?
-1133
c (base 15) to base 9
13
Convert 0 (base 5) to base 7.
0
What is 1 (base 10) in base 6?
1
Convert -11 (base 8) to base 10.
-9
What is -3 (base 7) in base 6?
-3
1 (base 5) to base 4
1
-4 (base 16) to base 5
-4
What is -10231 (base 4) in base 6?
-1221
Convert -1 (base 12) to base 5.
-1
-12020 (base 3) to base 5
-1031
What is -34 (base 5) in base 16?
-13
Convert 218 (base 9) to base 15.
be
Convert -1 (base 10) to base 3.
-1
16 (base 10) to base 2
10000
What is -d (base 15) in base 13?
-10
Convert 1 (base 8) to base 13.
1
-1 (base 12) to base 15
-1
What is 14 (base 8) in base 13?
c
What is 0 (base 12) in base 4?
0
What is 1 (base 4) in base 11?
1
Convert 11 (base 10) to base 16.
b
What is -13 (base 16) in base 13?
-16
What is -1 (base 6) in base 7?
-1
What is -41 (base 9) in base 6?
-101
What is 6 (base 16) in base 6?
10
Convert -1000101 (base 2) to base 13.
-54
422 (base 5) to base 10
112
Convert -23 (base 7) to base 11.
-16
What is -67 (base 10) in base 16?
-43
Convert 27 (base 11) to base 13.
23
What is 4 (base 9) in base 14?
4
-16 (base 7) to base 11
-12
What is 1 (base 16) in base 15?
1
-4 (base 7) to base 14
-4
Convert -4 (base 10) to base 14.
-4
Convert 1121 (base 3) to base 2.
101011
-1 (base 2) to base 5
-1
Convert 1 (base 13) to base 15.
1
What is -8 (base 13) in base 12?
-8
2 (base 3) to base 12
2
What is -21 (base 8) in base 10?
-17
Convert -3 (base 14) to base 7.
-3
4 (base 9) to base 6
4
Convert -1001 (base 2) to base 14.
-9
Convert 23 (base 7) to base 2.
10001
0 (base 16) to base 11
0
Convert -140 (base 8) to base 10.
-96
-7 (base 16) to base 3
-21
What is 0 (base 6) in base 13?
0
c (base 14) to base 11
11
4 (base 16) to base 15
4
What is -116 (base 10) in base 8?
-164
Convert -6 (base 9) to base 6.
-10
c4 (base 13) to base 9
187
-2 (base 10) to base 5
-2
What is 12 (base 3) in base 10?
5
What is -72 (base 16) in base 7?
-222
What is 79 (base 14) in base 7?
212
What is -101101 (base 2) in base 4?
-231
What is -20 (base 4) in base 13?
-8
-11111 (base 2) to base 14
-23
What is 4 (base 13) in base 16?
4
Convert 23 (base 14) to base 16.
1f
2 (base 3) to base 5
2
1320 (base 5) to base 4
3102
What is -38 (base 16) in base 15?
-3b
Convert -13 (base 12) to base 2.
-1111
-24 (base 10) to base 6
-40
Convert 3 (base 15) to base 3.
10
What is -51 (base 6) in base 8?
-37
Convert -122 (base 5) to base 15.
-27
14 (base 10) to base 11
13
Convert -101 (base 7) to base 5.
-200
Convert 10001 (base 2) to base 16.
11
Convert -3 (base 14) to base 6.
-3
331 (base 4) to base 9
67
Convert 150 (base 11) to base 14.
c8
Convert -11 (base 4) to base 7.
-5
1 (base 16) to base 7
1
What is -3 (base 13) in base 9?
-3
Convert -7 (base 9) to base 4.
-13
What is 12 (base 9) in base 12?
b
-10 (base 2) to base 16
-2
-6 (base 16) to base 5
-11
-29 (base 12) to base 10
-33
-25 (base 7) to base 6
-31
Convert -10 (base 12) to base 4.
-30
Convert 131 (base 4) to base 14.
21
-32 (base 6) to base 13
-17
2 (base 12) to base 16
2
Convert a (base 13) to base 2.
1010
What is 1 (base 12) in base 13?
1
What is 11 (base 5) in base 3?
20
Convert -10222 (base 3) to base 12.
-8b
Convert 9 (base 14) to base 8.
11
Convert d (base 15) to base 13.
10
What is 1 (base 9) in base 3?
1
What is 20 (base 14) in base 9?
31
-10 (base 4) to base 3
-11
-53 (base 9) to base 7
-66
Convert -11 (base 11) to base 8.
-14
What is -22 (base 13) in base 12?
-24
-233 (base 6) to base 10
-93
What is -7 (base 13) in base 11?
-7
What is -5 (base 8) in base 10?
-5
What is -304 (base 5) in base 2?
-1001111
Convert -ba (base 14) to base 15.
-ae
What is -8 (base 15) in base 5?
-13
Convert -112 (base 10) to base 8.
-160
What is -10 (base 15) in base 6?
-23
Convert -5 (base 11) to base 16.
-5
36 (base 14) to base 5
143
What is 204 (base 5) in base 3?
2000
-1d (base 14) to base 16
-1b
5 (base 8) to base 9
5
37 (base 9) to base 6
54
Convert f (base 16) to base 11.
14
What is 8 (base 14) in base 5?
13
What is 2 (base 14) in base 16?
2
Convert 1a (base 14) to base 9.
26
Convert -67 (base 13) to base 15.
-5a
What is -62 (base 15) in base 9?
-112
What is -7 (base 9) in base 11?
-7
-21 (base 10) to base 3
-210
Convert 5 (base 11) to base 12.
5
What is 3 (base 6) in base 11?
3
What is 110 (base 6) in base 11?
39
-1 (base 9) to base 2
-1
1 (base 10) to base 2
1
-7 (base 12) to base 14
-7
Convert 0 (base 5) to base 9.
0
What is 43 (base 14) in base 15?
3e
What is 8 (base 16) in base 3?
22
Convert 3 (base 10) to base 14.
3
What is -110 (base 2) in base 11?
-6
-3 (base 5) to base 2
-11
Convert 30 (base 7) to base 12.
19
Convert 123 (base 4) to base 13.
21
Convert -2a (base 12) to base 3.
-1021
Convert 180 (base 11) to base 6.
545
-27 (base 12) to base 10
-31
What is 1 (base 6) in base 4?
1
223 (base 4) to base 9
47
Convert -6b (base 13) to base 7.
-155
Convert 1 (base 14) to base 7.
1
13 (base 4) to base 10
7
What is -f (base 16) in base 2?
-1111
Convert -1 (base 13) to base 6.
-1
What is 2 (base 6) in base 4?
2
Convert 1 (base 3) to base 11.
1
Convert -1001 (base 3) to base 13.
-22
-113 (base 7) to base 13
-47
-10 (base 2) to base 8
-2
What is -5 (base 11) in base 6?
-5
What is 33 (base 16) in base 9?
56
11 (base 6) to base 12
7
15 (base 14) to base 2
10011
What is 30 (base 4) in base 5?
22
1121 (base 5) to base 6
425
-64 (base 8) to base 15
-37
20 (base 13) to base 15
1b
Convert -136 (base 7) to base 3.
-2211
-1022 (base 3) to base 8
-43
-2 (base 5) to base 6
-2
-142 (base 6) to base 16
-3e
Convert 2112 (base 3) to base 4.
1010
What is -101 (base 2) in base 10?
-5
3 (base 10) to base 2
11
Convert 3 (base 13) to base 11.
3
Convert -5 (base 8) to base 10.
-5
11 (base 9) to base 4
22
Convert -34 (base 16) to base 7.
-103
223 (base 5) to base 2
111111
-54 (base 7) to base 16
-27
Convert 216 (base 10) to base 3.
22000
What is 40 (base 7) in base 15?
1d
-13 (base 13) to base 14
-12
Convert 3 (base 15) to base 14.
3
Convert -2 (base 14) to base 12.
-2
Convert -31 (base 14) to base 5.
-133
6 (base 12) to base 14
6
What is -10 (base 7) in base 11?
-7
-14 (base 8) to base 5
-22
313 (base 8) to base 11
175
5 (base 13) to base 14
5
-1 (base 6) to base 13
-1
What is -22 (base 4) in base 5?
-20
What is -62 (base 10) in base 8?
-76
-104 (base 7) to base 14
-3b
What is d (base 14) in base 9?
14
Convert 22 (base 3) to base 9.
8
What is -1 (base 3) in base 12?
-1
-3320 (base 4) to base 14
-13a
What is 18 (base 9) in base 12?
15
What is 3 (base 10) in base 11?
3
Convert 161 (base 13) to base 11.
206
What is 9e (base 15) in base 16?
95
What is 24 (base 15) in base 8?
42
What is -25 (base 7) in base 4?
-103
2 (base 11) to base 7
2
What is 0 (base 16) in base 5?
0
-231 (base 5) to base 9
-73
What is -12 (base 9) in base 12?
-b
What is -1 (base 7) in base 3?
-1
What is 2 (base 8) in base 3?
2
Convert -3 (base 8) to base 16.
-3
What is -4 (base 12) in base 9?
-4
-10 (base 5) to base 10
-5
Convert -200 (base 5) to base 15.
-35
-4 (base 11) to base 14
-4
Convert 5 (base 15) to base 3.
12
What is -107 (base 8) in base 14?
-51
Convert 12 (base 4) to base 14.
6
What is 101 (base 2) in base 11?
5
Convert 1d (base 16) to base 11.
27
110 (base 2) to base 6
10
Convert 220 (base 3) to base 7.
33
What is -11 (base 11) in base 13?
-c
Convert b (base 16) to base 12.
b
What is 3302 (base 4) in base 16?
f2
Convert -37 (base 12) to base 14.
-31
What is 51 (base 13) in base 6?
150
What is 2 (base 7) in base 6?
2
13 (base 4) to base 2
111
Convert 3 (base 8) to base 6.
3
Convert 11 (base 7) to base 8.
10
-48 (base 13) to base 14
-44
What is 41 (base 12) in base 14?
37
Convert -101 (base 10) to base 16.
-65
10 (base 2) to base 7
2
Convert -9 (base 13) to base 12.
-9
What is 11000010 (base 2) in base 13?
11c
-3 (base 4) to base 14
-3
334 (base 5) to base 2
1011110
What is -4 (base 7) in base 8?
-4
Convert -11 (base 9) to base 3.
-101
-20 (base 4) to base 9
-8
Convert -5 (base 14) to base 2.
-101
Convert -1 (base 7) to base 6.
-1
10 (base 14) to base 7
20
51 (base 12) to base 8
75
What is 111 (base 2) in base 